{"id":59,"date":"2015-12-12T18:46:27","date_gmt":"2015-12-12T18:46:27","guid":{"rendered":"http:\/\/exoten-labor.de\/?page_id=59"},"modified":"2017-10-04T07:54:39","modified_gmt":"2017-10-04T07:54:39","slug":"meet-the-lab-das-labor-auf-reisen","status":"publish","type":"page","link":"https:\/\/exoten-labor.de\/?page_id=59","title":{"rendered":"Termine"},"content":{"rendered":"<div><img loading=\"lazy\" decoding=\"async\" id=\"gmedia-image-86\" class=\"gmedia-singlepic aligncenter\" title=\"Messe---on-Tour-Kopie\" src=\"https:\/\/exoten-labor.de\/wp-content\/grand-media\/image\/Messe---on-Tour-Kopie_1.jpg\" alt=\"Messe---on-Tour-Kopie\" width=\"1400\" height=\"463\" \/><\/div>\n<div><div class=\"su-spacer\" style=\"height:30px\"><\/div><\/div>\n<p style=\"text-align: justify;\">Auf dieser Seite erfahren Sie auf welchen Veranstaltungen Dr. Behncke mit seinem Equipment vertreten ist. Sie k\u00f6nnen dann bereits vor Ort auf der B\u00f6rse oder Ausstellung eine parasitologische Untersuchung durchf\u00fchren lassen, um schon beim Tierkauf das gr\u00f6\u00dfte Ma\u00df an Sicherheit zu erhalten. Nat\u00fcrlich gilt dieser Service auch f\u00fcr mitgebrachte Proben von Tieren, die Sie bereits in Ihrem Bestand haben.<div class=\"su-spacer\" style=\"height:20px\"><\/div>\n<div class=\"su-spacer\" style=\"height:20px\"><\/div>\n<hr \/>\n<h5>07.10.2017 Karlsruhe<div class=\"su-spacer\" style=\"height:30px\"><\/div><\/h5>\n<h5><\/h5>\n<h5><img loading=\"lazy\" decoding=\"async\" class=\"aligncenter size-full wp-image-807\" src=\"https:\/\/exoten-labor.de\/wp-content\/uploads\/2015\/12\/Karlsruhe-Kopie-2.jpg\" alt=\"Karlsruhe - Kopie (2)\" width=\"1005\" height=\"525\" data-id=\"807\" srcset=\"https:\/\/exoten-labor.de\/wp-content\/uploads\/2015\/12\/Karlsruhe-Kopie-2.jpg 1005w, https:\/\/exoten-labor.de\/wp-content\/uploads\/2015\/12\/Karlsruhe-Kopie-2-300x157.jpg 300w, https:\/\/exoten-labor.de\/wp-content\/uploads\/2015\/12\/Karlsruhe-Kopie-2-768x401.jpg 768w, https:\/\/exoten-labor.de\/wp-content\/uploads\/2015\/12\/Karlsruhe-Kopie-2-250x131.jpg 250w, https:\/\/exoten-labor.de\/wp-content\/uploads\/2015\/12\/Karlsruhe-Kopie-2-150x78.jpg 150w\" sizes=\"auto, (max-width: 1005px) 100vw, 1005px\" \/><div class=\"su-spacer\" style=\"height:20px\"><\/div><\/h5>\n<p><span class=\"Stil8\">Im Kongresszentrum Karlsruhe<br \/>\nFestplatz 9<\/span><\/p>\n<p><span class=\"Stil8\">76137 Karlsruhe<\/span><\/p>\n<hr \/>\n<h5>14.10.2017 Ulm<div class=\"su-spacer\" style=\"height:30px\"><\/div><\/h5>\n<p><img loading=\"lazy\" decoding=\"async\" class=\"aligncenter size-full wp-image-828\" src=\"https:\/\/exoten-labor.de\/wp-content\/uploads\/2015\/12\/Mikroskop-Morelia.jpg\" alt=\"Mikroskop-Morelia\" width=\"1200\" height=\"429\" data-id=\"828\" srcset=\"https:\/\/exoten-labor.de\/wp-content\/uploads\/2015\/12\/Mikroskop-Morelia.jpg 1200w, https:\/\/exoten-labor.de\/wp-content\/uploads\/2015\/12\/Mikroskop-Morelia-300x107.jpg 300w, https:\/\/exoten-labor.de\/wp-content\/uploads\/2015\/12\/Mikroskop-Morelia-768x275.jpg 768w, https:\/\/exoten-labor.de\/wp-content\/uploads\/2015\/12\/Mikroskop-Morelia-1024x366.jpg 1024w, https:\/\/exoten-labor.de\/wp-content\/uploads\/2015\/12\/Mikroskop-Morelia-250x89.jpg 250w, https:\/\/exoten-labor.de\/wp-content\/uploads\/2015\/12\/Mikroskop-Morelia-150x54.jpg 150w\" sizes=\"auto, (max-width: 1200px) 100vw, 1200px\" \/><\/p>\n<hr \/>\n<p>&nbsp;<\/p>\n<h5>21.10.2017 Offenburg <div class=\"su-spacer\" style=\"height:30px\"><\/div><\/h5>\n<p><img loading=\"lazy\" decoding=\"async\" class=\"aligncenter size-full wp-image-817\" src=\"https:\/\/exoten-labor.de\/wp-content\/uploads\/2015\/12\/96a195dc72c1b257a06528264c03e8b2.jpg\" alt=\"microscope-4--Bronchocela--B\u00f6rse\" width=\"1152\" height=\"400\" data-id=\"817\" srcset=\"https:\/\/exoten-labor.de\/wp-content\/uploads\/2015\/12\/96a195dc72c1b257a06528264c03e8b2.jpg 1152w, https:\/\/exoten-labor.de\/wp-content\/uploads\/2015\/12\/96a195dc72c1b257a06528264c03e8b2-300x104.jpg 300w, https:\/\/exoten-labor.de\/wp-content\/uploads\/2015\/12\/96a195dc72c1b257a06528264c03e8b2-768x267.jpg 768w, https:\/\/exoten-labor.de\/wp-content\/uploads\/2015\/12\/96a195dc72c1b257a06528264c03e8b2-1024x356.jpg 1024w, https:\/\/exoten-labor.de\/wp-content\/uploads\/2015\/12\/96a195dc72c1b257a06528264c03e8b2-250x87.jpg 250w, https:\/\/exoten-labor.de\/wp-content\/uploads\/2015\/12\/96a195dc72c1b257a06528264c03e8b2-150x52.jpg 150w, https:\/\/exoten-labor.de\/wp-content\/uploads\/2015\/12\/96a195dc72c1b257a06528264c03e8b2-1150x400.jpg 1150w\" sizes=\"auto, (max-width: 1152px) 100vw, 1152px\" \/><\/p>\n<p>Messe Offenburg-Ortenau GmbH<br \/>\nSchutterw\u00e4lder Str. 3<br \/>\n77656 Offenburg<\/p>\n<hr \/>\n<p>&nbsp;<\/p>\n<p>&nbsp;<\/p>\n<p>&nbsp;<\/p>\n","protected":false},"excerpt":{"rendered":"<p>Auf dieser Seite erfahren Sie auf welchen Veranstaltungen Dr. Behncke mit seinem Equipment vertreten ist. Sie k\u00f6nnen dann bereits vor Ort auf der B\u00f6rse oder Ausstellung eine parasitologische Untersuchung durchf\u00fchren lassen, um schon beim Tierkauf das gr\u00f6\u00dfte Ma\u00df an Sicherheit zu erhalten. Nat\u00fcrlich gilt dieser Service auch f\u00fcr mitgebrachte Proben von Tieren, die Sie bereits in Ihrem Bestand haben. 07.10.2017 Karlsruhe Im Kongresszentrum Karlsruhe Festplatz 9 76137 Karlsruhe 14.10.2017 Ulm &nbsp; 21.10.2017 Offenburg Messe Offenburg-Ortenau GmbH Schutterw\u00e4lder Str. 3 77656 Offenburg &nbsp; &nbsp; &nbsp;<\/p>\n<p class=\"continue-reading-button\"> <a class=\"continue-reading-link\" href=\"https:\/\/exoten-labor.de\/?page_id=59\">Continue reading<i class=\"crycon-right-dir\"><\/i><\/a><\/p>\n","protected":false},"author":1,"featured_media":804,"parent":61,"menu_order":30,"comment_status":"closed","ping_status":"closed","template":"","meta":{"footnotes":""},"class_list":["post-59","page","type-page","status-publish","has-post-thumbnail","hentry"],"aioseo_notices":[],"_links":{"self":[{"href":"https:\/\/exoten-labor.de\/index.php?rest_route=\/wp\/v2\/pages\/59","targetHints":{"allow":["GET"]}}],"collection":[{"href":"https:\/\/exoten-labor.de\/index.php?rest_route=\/wp\/v2\/pages"}],"about":[{"href":"https:\/\/exoten-labor.de\/index.php?rest_route=\/wp\/v2\/types\/page"}],"author":[{"embeddable":true,"href":"https:\/\/exoten-labor.de\/index.php?rest_route=\/wp\/v2\/users\/1"}],"replies":[{"embeddable":true,"href":"https:\/\/exoten-labor.de\/index.php?rest_route=%2Fwp%2Fv2%2Fcomments&post=59"}],"version-history":[{"count":35,"href":"https:\/\/exoten-labor.de\/index.php?rest_route=\/wp\/v2\/pages\/59\/revisions"}],"predecessor-version":[{"id":829,"href":"https:\/\/exoten-labor.de\/index.php?rest_route=\/wp\/v2\/pages\/59\/revisions\/829"}],"up":[{"embeddable":true,"href":"https:\/\/exoten-labor.de\/index.php?rest_route=\/wp\/v2\/pages\/61"}],"wp:featuredmedia":[{"embeddable":true,"href":"https:\/\/exoten-labor.de\/index.php?rest_route=\/wp\/v2\/media\/804"}],"wp:attachment":[{"href":"https:\/\/exoten-labor.de\/index.php?rest_route=%2Fwp%2Fv2%2Fmedia&parent=59"}],"curies":[{"name":"wp","href":"https:\/\/api.w.org\/{rel}","templated":true}]}}