{"id":5,"date":"2015-12-04T21:15:00","date_gmt":"2015-12-04T21:15:00","guid":{"rendered":"http:\/\/exoten-labor.de\/?page_id=5"},"modified":"2016-08-30T09:42:58","modified_gmt":"2016-08-30T09:42:58","slug":"testseite-gerald","status":"publish","type":"page","link":"https:\/\/exoten-labor.de\/?page_id=5","title":{"rendered":"Impressum"},"content":{"rendered":"<p><a href=\"https:\/\/exoten-labor.de\/wp-content\/uploads\/2015\/12\/Logo-3-Tempera-3.jpg\" rel=\"attachment wp-att-110\"><img loading=\"lazy\" decoding=\"async\" class=\"alignnone size-medium wp-image-110\" src=\"https:\/\/exoten-labor.de\/wp-content\/uploads\/2015\/12\/Logo-3-Tempera-3-300x72.jpg\" alt=\"Logo-3---Tempera\" width=\"300\" height=\"72\" srcset=\"https:\/\/exoten-labor.de\/wp-content\/uploads\/2015\/12\/Logo-3-Tempera-3-300x72.jpg 300w, https:\/\/exoten-labor.de\/wp-content\/uploads\/2015\/12\/Logo-3-Tempera-3-250x60.jpg 250w, https:\/\/exoten-labor.de\/wp-content\/uploads\/2015\/12\/Logo-3-Tempera-3-150x36.jpg 150w, https:\/\/exoten-labor.de\/wp-content\/uploads\/2015\/12\/Logo-3-Tempera-3.jpg 503w\" sizes=\"auto, (max-width: 300px) 100vw, 300px\" \/><\/a><\/p>\n<h5><span style=\"text-decoration: underline;\"><strong>Impressum:<\/strong><\/span><\/h5>\n<p style=\"text-align: justify;\">Dr. Helge Behncke f\u00fchrt die gesetzliche Berufsbezeichnung Tierarzt. Die Approbation wurde am 2.7.1999 in Berlin Deutschland erteilt. Er ist Mitglied der Landestier\u00e4rztekammer Baden-W\u00fcrttemberg, und unterliegt der Berufsordnung der Landestier\u00e4rztekammer Baden-W\u00fcrttemberg und nachstehend der Bundestier\u00e4rzteordnung in der Fassung der Bekanntmachung vom 20. November 1981 (BGBL. I S. 1193), zuletzt ge\u00e4ndert durch die Verordnung vom 11. Dezember 2007 (BGBL. I S. 2882)<\/p>\n<h5><strong>Verantwortlich f\u00fcr den Inhalt dieser Internetseite:<\/strong><\/h5>\n<p>Dr. med. vet. Helge Behncke,<\/p>\n<p>Steuernummer: 05116\/00107<\/p>\n<h5><strong>Haftungsausschluss:<\/strong><\/h5>\n<p style=\"text-align: justify;\">Lt. Urteil vom 12. Mai 1998 hat das Landgericht Hamburg entschieden, dass der Betreiber einer Seite durch die Ausbringung eines Links die Inhalte der gelinkten Seite mit zu verantworten hat. Dies kann nur verhindert werden, indem der Betreiber sich ausdr\u00fccklich von diesen Inhalten distanziert.<\/p>\n<p style=\"text-align: justify;\">F\u00fcr alle Links auf dieser Webseite gilt: Dr. Helge Behncke betont ausdr\u00fccklich, dass sie keinerlei Einfluss auf die Gestaltung und die Inhalte der gelinkten Seiten hat. Deshalb distanziert er sich hiermit ausdr\u00fccklich von allen Inhalten aller gelinkten Seiten dieser Webseite. Diese Erkl\u00e4rung gilt f\u00fcr alle sonstigen gelinkten Webseiten mit folgenden Ausnahmen: <a href=\"http:\/\/www.exoten-tierarzt.de\">www.exoten-tierarzt.de<\/a>; <a href=\"http:\/\/www.exoten-praxis.de\">www.exoten-praxis.de<\/a> und www.exoten-labor.de<\/p>\n<p style=\"text-align: justify;\">Entdecken Sie auf den Seiten, der hier angegebenen Links, strafrechtlich oder moralisch relevante Daten, teilen Sie dies bitte Dr. Helge Behncke mit. Nach Pr\u00fcfung wird der Link unverz\u00fcglich entfernen. Die Informationen dieser Webseite wurden gepr\u00fcft und werden regelm\u00e4\u00dfig \u00fcberarbeitet. Dr. Behncke kann jedoch keine Garantie daf\u00fcr \u00fcbernehmen, dass alle Angaben zu jeder Zeit vollst\u00e4ndig, richtig und aktuell dargestellt sind. Alle Angaben k\u00f6nnen jeder Zeit ge\u00e4ndert, entfernt oder erg\u00e4nzt werden. Die von uns erstellten Texte und Grafiken unterliegen dem gesetzlichen Nutzungs- und Verwertungsrecht. Deren Verbreitung und Vervielf\u00e4ltigung darf nur mit dem Einverst\u00e4ndnis von Dr. Behncke erfolgen. Falls einzelne Klauseln dieser Haftungsausschlusserkl\u00e4rung nicht oder nicht mehr den geltenden gesetzlichen Vorschriften entsprechen, bleibt davon die G\u00fcltigkeit der \u00fcbrigen Klauseln unber\u00fchrt.<\/p>\n<h5><strong>Laborinhaber:<\/strong><\/h5>\n<p>Dr. Helge Behncke<\/p>\n<p><strong>Anschrift:<\/strong><\/p>\n<p>Exoten-Labor &#8211; Labor f\u00fcr exotische Heimtiere<\/p>\n<p><em>Im Untergraben 58\/2<\/em><\/p>\n<p><em>79211 Denzlingen<\/em><\/p>\n<p><em>Telefon: 0176-97667580<\/em><\/p>\n<p><em>eMail:info@exoten-labor.de <\/em><\/p>\n<p>Das Labor ist nicht im Handels-, Vereins-, Partnerschafts- oder Genossenschaftsregister eingetragen.<\/p>\n<h5><strong>Approbationsbeh\u00f6rde:<\/strong><\/h5>\n<p><em>Landesamt f\u00fcr Gesundheit und Soziales Berlin<\/em><\/p>\n<h5><strong>Steuernummer:<\/strong><\/h5>\n<p>05116\/00107<\/p>\n<h5><strong>Gesetzliche Berufsbezeichnung:<\/strong><\/h5>\n<p>Tierarzt, verliehen in Deutschland<\/p>\n<h5><strong>AGB:<\/strong><\/h5>\n<p>Es werden keine AGB verwendet.<\/p>\n<h5><strong>Vertragsklauseln:<\/strong><\/h5>\n<p>Es werden keine sonstigen Vertragsklauseln verwendet.<\/p>\n<h5><strong>Garantien:<\/strong><\/h5>\n<p>Es werden keine Garantien, die \u00fcber die gesetzlichen Gew\u00e4hrleistungsrechte hinausgehen, gegeben.<\/p>\n<h5><strong>Wesentliche Merkmale der DL:<\/strong><\/h5>\n<p>nicht erforderlich<\/p>\n<h5><strong>Berufshaftpflichtversicherung:<\/strong><\/h5>\n<p>INTER Versicherungsgruppe<\/p>\n<p>Postfach 101616<\/p>\n<p>68016 Mannheim<\/p>\n<h5><strong>Preisangabe:<\/strong><\/h5>\n<p>Die Verg\u00fctung tier\u00e4rztlicher Leistungen erfolgt entsprechend der aktuellen Geb\u00fchrenordnung f\u00fcr Tier\u00e4rzte (<strong>GOT<\/strong>) (<a href=\"http:\/\/www.bundestieraerztekammer.de\/downloads\/btk\/GOT-2008.pdf\" target=\"_blank\">http:\/\/www.bundestieraerztekammer.de\/downloads\/btk\/GOT-2008.pdf<\/a>)<\/p>\n<p>Alle Informationen zu \u00a7 3 der DL-Info-V stellen wir Ihnen auf Anfrage gerne zur Verf\u00fcgung.<\/p>\n<h5><strong>Umsetzung und Gestaltung der Webseite:<\/strong><\/h5>\n<p><span style=\"color: #000000;\">Dr. Helge Behncke<\/span><\/p>\n<h5><strong>Bildrechte:<\/strong><\/h5>\n<p>Bildrechte liegen sofern nicht anders angegeben bei Dr. Helge Behncke.<\/p>\n<p>&nbsp;<\/p>\n","protected":false},"excerpt":{"rendered":"<p>Impressum: Dr. Helge Behncke f\u00fchrt die gesetzliche Berufsbezeichnung Tierarzt. Die Approbation wurde am 2.7.1999 in Berlin Deutschland erteilt. Er ist Mitglied der Landestier\u00e4rztekammer Baden-W\u00fcrttemberg, und unterliegt der Berufsordnung der Landestier\u00e4rztekammer Baden-W\u00fcrttemberg und nachstehend der Bundestier\u00e4rzteordnung in der Fassung der Bekanntmachung vom 20. November 1981 (BGBL. I S. 1193), zuletzt ge\u00e4ndert durch die Verordnung vom 11. Dezember 2007 (BGBL. I S. 2882) Verantwortlich f\u00fcr den Inhalt dieser Internetseite: Dr. med. vet. Helge Behncke, Steuernummer: 05116\/00107 Haftungsausschluss: Lt. Urteil vom 12. Mai 1998 hat das Landgericht Hamburg entschieden, dass der Betreiber einer Seite durch die Ausbringung eines Links die Inhalte der gelinkten Seite mit zu verantworten hat. Dies kann nur verhindert werden, \u2026<\/p>\n<p class=\"continue-reading-button\"> <a class=\"continue-reading-link\" href=\"https:\/\/exoten-labor.de\/?page_id=5\">Continue reading<i class=\"crycon-right-dir\"><\/i><\/a><\/p>\n","protected":false},"author":1,"featured_media":0,"parent":0,"menu_order":10,"comment_status":"closed","ping_status":"closed","template":"","meta":{"footnotes":""},"class_list":["post-5","page","type-page","status-publish","hentry"],"aioseo_notices":[],"_links":{"self":[{"href":"https:\/\/exoten-labor.de\/index.php?rest_route=\/wp\/v2\/pages\/5","targetHints":{"allow":["GET"]}}],"collection":[{"href":"https:\/\/exoten-labor.de\/index.php?rest_route=\/wp\/v2\/pages"}],"about":[{"href":"https:\/\/exoten-labor.de\/index.php?rest_route=\/wp\/v2\/types\/page"}],"author":[{"embeddable":true,"href":"https:\/\/exoten-labor.de\/index.php?rest_route=\/wp\/v2\/users\/1"}],"replies":[{"embeddable":true,"href":"https:\/\/exoten-labor.de\/index.php?rest_route=%2Fwp%2Fv2%2Fcomments&post=5"}],"version-history":[{"count":14,"href":"https:\/\/exoten-labor.de\/index.php?rest_route=\/wp\/v2\/pages\/5\/revisions"}],"predecessor-version":[{"id":977,"href":"https:\/\/exoten-labor.de\/index.php?rest_route=\/wp\/v2\/pages\/5\/revisions\/977"}],"wp:attachment":[{"href":"https:\/\/exoten-labor.de\/index.php?rest_route=%2Fwp%2Fv2%2Fmedia&parent=5"}],"curies":[{"name":"wp","href":"https:\/\/api.w.org\/{rel}","templated":true}]}}